tors of s.
2, 7
Suppose 4*f = 2*f - 10. Suppose -3*y - 25 = 11. Let t = f - y. List the prime factors of t.
7
Let z = -3 + 5. Let o(a) = a**3 + a**2 - 2*a. What are the prime factors of o(z)?
2
Let w(u) = -u**2 + 7*u + 4. Let p be w(8). Let f(q) = q + 7. Let v be f(p). Suppose -v*i + 11 + 1 = 0. List the prime factors of i.
2
Let c = 518 + -306. List the prime factors of c.
2, 53
Suppose 0*l - 2*l = -10. Suppose 0 = d - l - 5. Suppose 4*o - d = -g, 3*g = -0*o - 2*o. List the prime factors of o.
3
Let x = 82 + -41. What are the prime factors of x?
41
Suppose 167 = 4*y + 19. List the prime factors of y.
37
Let g be (-56)/(-1) - 0/4. Suppose 2*t - 19 = -s, 4*s + 2*t = 4*t + g. List the prime factors of s.
3, 5
Suppose 2*p = -3*o + 3*p + 10, -5*p = -3*o + 26. Let c be (0 - 3)*o/(-3). Let u(g) = g**2 + 3*g - 1. List the prime factors of u(c).
3
Let y be (1/2)/((-1)/(-10)). Suppose -y*i + 85 = -i - 3*n, -44 = -2*i + 2*n. Suppose q - i = -5. List the prime factors of q.
2, 7
Suppose 4*g + 0*t - 1496 = 2*t, 4*t - 1520 = -4*g. List the prime factors of g.
2, 47
Suppose -91*o + 96*o = 400. List the prime factors of o.
2, 5
What are the prime factors of 22 + 3 + -1*(0 - -3)?
2, 11
Let z(k) = -k**2 + 8*k - 13. List the prime factors of z(5).
2
Suppose -5*d - 5 = -0*d. Let c be (-2)/((-16)/14 - d). List the prime factors of 4/c - 235/(-35).
7
Let r(b) = -b**3 + b + 31. List the prime factors of r(0).
31
Let w be ((-1700)/119)/(4/(-14)). Suppose 0 = -8*n + w + 62. What are the prime factors of n?
2, 7
Suppose a - 2*a - 8 = 0. Let s = 14 + a. Suppose -s*i + 2*i + 36 = 0. What are the prime factors of i?
3
Suppose 3*g = -g + 480. What are the prime factors of g?
2, 3, 5
Let a(s) = s**3 - 4*s**2 + 5*s - 2. Let k be a(3). What are the prime factors of (-1 - 0)*-3*k?
2, 3
Suppose 62 = 5*d - 53. What are the prime factors of d?
23
Let m = 47 + -11. Let r = m - 20. Let z = r + -2. List the prime factors of z.
2, 7
Suppose 20 = 6*g - 4*g. Suppose z - 5*z + 3*x = -166, 5*x = -g. List the prime factors of z.
2, 5
Suppose -3*y - y + 8 = 0. Suppose -y*r + 5 = -r. Suppose -u + r = 2. List the prime factors of u.
3
Let g(m) = 3*m**2 + 2*m + 1. Let u be ((-9)/6)/(21/56). What are the prime factors of g(u)?
41
Let a(l) = -l**2 - l - 8. Let q be a(0). Let r = q - -11. Suppose 4*f + 0 = -5*y + 4, -r*f + 10 = 2*y. List the prime factors of f.
2, 3
Let h(y) = 6*y + 3. What are the prime factors of h(5)?
3, 11
Let a = 129 + -87. List the prime factors of a.
2, 3, 7
Suppose 2*n - 5*n = 0. Suppose -4*w + 20 = n, -5*p + 47 = 2*w - 3. Let z = p + -5. List the prime factors of z.
3
Suppose -3*x + 7*x - 20 = 0. Let p(q) = -q + 7. Let s be p(4). Suppose s*v - 4*j - 29 = 0, 2 + x = v - 4*j. What are the prime factors of v?
11
Suppose 5*i - 222 = 3*a + 119, -5*i - 5*a = -325. What are the prime factors of i?
67
Suppose 0 = 3*u - 3, 0 = -0*b + 2*b + 3*u - 23. Let f = b + -20. Let a(p) = -2*p - 3. What are the prime factors of a(f)?
17
Let b = 2 - -3. Let h = 35 - b. Let z = h - 21. List the prime factors of z.
3
Let n be 3 + (-2 - 0 - 1). Let f = -5 + 10. Suppose n = -q + f*q - 56. List the prime factors of q.
2, 7
Suppose -5 = -2*y + 5. Suppose -32 = y*r + 28. List the prime factors of r/(-2) - (-1 - -3).
2
Suppose 0 = k - 3 + 18. Let a be ((-25)/k)/(1/9). Suppose 0 = -0*d + 3*d - a. What are the prime factors of d?
5
Let m(a) = a**2 + 3*a. What are the prime factors of m(-6)?
2, 3
Suppose 4*f = 2*f + 50. Let j be 4/14 - (-131)/7. Suppose -4*x + j + f = 0. What are the prime factors of x?
11
Let v be (-4)/14 - (-23)/7. Suppose 0 = -v*h + 3 + 6. Suppose h*q = 7*q - 8. List the prime factors of q.
2
Suppose 0 = -5*y + i + 21, -3*y + 5*i = -6*y + 7. Let t = y + 0. Suppose -3*z + 4*z + 5 = 0, t*z = d - 26. List the prime factors of d.
2, 3
What are the prime factors of 60581/145 - (-2)/10?
2, 11, 19
Let r = -1 - -10. Suppose 5*q + r = h, 5*h - h - 36 = 2*q. What are the prime factors of h?
3
Let p(n) = 33*n**2 - n + 1. Suppose q + 0 = -1. What are the prime factors of p(q)?
5, 7
List the prime factors of 483/14*2/(-1)*-1.
3, 23
Let x(d) = 4*d + 37. List the prime factors of x(7).
5, 13
Let q = 16 + -11. Let g be ((-2)/(-6))/((-1)/(-3)). Suppose 3*l - q*z - 15 = 4*l, z - g = -l. What are the prime factors of l?
5
Let s be 34*(6/(-4) + 1). Let v = -11 + 2. Let y = v - s. What are the prime factors of y?
2
Let c be (3/(-2))/((-3)/6). Suppose 2*m + 2*o + 3*o = c, -2*m + 2*o + 10 = 0. List the prime factors of m.
2
Suppose 0 = 4*k - k - 15. Let z = k - -6. What are the prime factors of z?
11
Suppose -3*w = -2*w - 15. Let l = 19 - w. What are the prime factors of l?
2
Suppose 4 = -t + 3*o, -2*t - 2*o = -0*t - 32. Let z = 6 + 0. Let c = t - z. List the prime factors of c.
5
Suppose b + 3 = -9. What are the prime factors of (b/8 + 2)*10?
5
Suppose 3*s - 7 = 4*l, -s = -8*l + 3*l - 6. List the prime factors of 33/(3/s) - 2.
3
Suppose 4*u + 2*f - 130 = 0, -5*f = 3*u - 127 + 26. Let v = u - 17. List the prime factors of v.
3, 5
Let w be (1 - 28/(-2)) + 1. Suppose -4*z + 2 = -0*b - 2*b, -5*b + 23 = 4*z. Suppose b*t = -t + w. List the prime factors of t.
2
Suppose u - 32 = -4*k - 3, -60 = -5*u - 3*k. Suppose 4 - u = -5*y. List the prime factors of (9/y - 2)/1.
7
Suppose -y + 140 = -3*d + 4*d, -4*y + 561 = 3*d. What are the prime factors of y?
3, 47
Let l(f) = f**2 - f. Suppose -3*y = 4*s - 5*y - 24, 5*s = 3*y + 30. List the prime factors of l(s).
2, 3, 5
Let l = -144 - -191. List the prime factors of l.
47
Suppose 3*s = 2*n + 3 + 47, 0 = -5*s + 5*n + 90. What are the prime factors of s?
2, 7
Suppose 5*i + 4*d = 13 - 35, 5*d - 10 = 0. Let z = -8 - i. List the prime factors of z/(-3)*78/4.
13
Let p be 6*17/3*2. Suppose -y - p = -5*y. List the prime factors of y.
17
Let z = -7 + 6. What are the prime factors of z/(2 - 49/24)?
2, 3
Suppose 0*u = -u. Suppose -5*m = -u*k + k - 86, 5*k = -m - 2. What are the prime factors of m?
2, 3
Suppose 5*y - 139 = 3*b + 61, y = 2*b + 47. What are the prime factors of y?
37
Let i be 52 + 1 + 4 + -2. Suppose 10*p = 5*p + i. Suppose -4*a = m + 7 - 23, a = -4*m - p. What are the prime factors of a?
5
Suppose -q - 4 = -3. Let u = q + 4. What are the prime factors of u?
3
Let b be 27/(-9)*(0 + 6). What are the prime factors of (-8)/(-36) + (-212)/b?
2, 3
Suppose 0 = 2*c + c. Suppose 1 = -2*t - 5*z, c*t - t - 4*z - 5 = 0. Let r(w) = 2*w + 4. List the prime factors of r(t).
2, 3
Suppose 58*k - 620 = 53*k. What are the prime factors of k?
2, 31
Let n(q) be the second derivative of q**5/20 - 2*q**4/3 + 3*q**3/2 + 2*q. List the prime factors of n(7).
2, 7
What are the prime factors of 24*(-9)/(-16)*4?
2, 3
Suppose -9 = -0*l - 3*l. Suppose l*g - j - 11 = 0, 5*g - 4*j - 14 = 9. Suppose -19 = -3*w - 5*s - 6, 0 = -2*w + g*s + 15. What are the prime factors of w?
2, 3
Let u = -3 + 8. Suppose -4*r - 5*s + 81 = 17, u*r + 4*s = 71. What are the prime factors of r?
11
Let m = -72 + 156. List the prime factors of m.
2, 3, 7
Let v(w) = w + 8. Suppose -5*k - 7 + 1 = -2*f, 4*k + 5*f + 18 = 0. Let n(l) = l**2 + 2*l. Let o be n(k). What are the prime factors of v(o)?
2
Suppose 2 = 2*g + 3*g + q, -3*g = -3*q + 6. What are the prime factors of g + 2/((-4)/(-42))?
3, 7
Suppose 5*d = 114 + 91. List the prime factors of d.
41
Let r be (-24*1)/(4 - 5). Let c = r + -16. List the prime factors of c.
2
Suppose -98 = -98*l + 97*l. List the prime factors of l.
2, 7
Let b(g) = 2 - 2*g + 4*g - 1 - 6. List the prime factors of b(4).
3
Let c(j) = -j - 4. Let o be c(-6). Let i = o - -5. What are the prime factors of i?
7
Let i(u) = 3*u**2 + 2*u - 2. Let p be i(-2). Suppose 3*o - p*q - 4 = -4*q, o + 2*q - 4 = 0. What are the prime factors of o?
2
List the prime factors of 3/12 + 12/16 - -37.
2, 19
Suppose -2*j + 188 + 116 = 0. List the prime factors of j.
2, 19
Suppose 0 = 2*o - o - 15. Suppose 4*b = 41 + o. What are the prime factors of b?
2, 7
Let t(u) = u + 2. Suppose 5*b = 3*y - 15, -4*y = -b - 19 - 1. Let f be t(b). Let q = f + 0. List the prime factors of q.
2
Suppose -l - 13 = -2*h, 5*h + 20 = -5*l + 6*h. List the prime factors of (18/(-15))/(l/10).
2
Let v = 13 + -23. Let d = v - -25. Suppose -4*s + d = 3*k, -2*s - 15 = -2*k - 3*s. What are the prime factors of k?
3
Suppose -5*z - 4*x = -13, 0 = -2*z -